a/(-4). Let b(k) = 2*k**2 + 1. Give b(y).
3
Let m be 1*(0/1)/(-1). Let y = 0 + m. Let q(p) be the first derivative of p**2/2 - 6*p - 3. Give q(y).
-6
Let u = 6 - 5. Let h(o) = 0 + o - 3 + u + 1. Give h(4).
3
Suppose -4*l = 6*p - p + 2, -5*p = -3*l - 19. Let i(w) = 3*w**2 + 1. What is i(p)?
13
Let h(z) be the third derivative of -z**5/120 + z**4/6 - 2*z**3/3 + 2*z**2. Let a(s) be the first derivative of h(s). Calculate a(0).
4
Let x(r) = -3*r - 4*r + 7 - 12 - r**2. Calculate x(-7).
-5
Suppose 0 = 3*j - u + 15, -3*u + 27 = -3*j + 2*u. Let v(m) = m**2 + 6*m + 1. What is v(j)?
-7
Let g be 2/(-5) - 216/60. Let t = 5 + -5. Let w(r) = -3*r**2 + 4*r**2 + t*r**2 + 3*r. Give w(g).
4
Let r(a) = 2*a**2 - 2. Let p be (10 - 7)*(-20)/6. Let q be 14/p - 21/35. Give r(q).
6
Suppose -3 - 3 = -t. Let j(m) = m**3 - 5*m**2 - 7*m + 1. Determine j(t).
-5
Let z = -12 + 17. Suppose 2*q - 21 = 4*h + 5, -3*q + 29 = -4*h. Let l(g) = 3*g + 5*g - 3*g - q*g. Give l(z).
10
Let p(g) be the first derivative of g**4/4 + g**3/3 - g**2/2 + 7. Calculate p(2).
10
Let a(j) = j - 2. Suppose 3 - 2 = o. What is a(o)?
-1
Let p(v) = -20*v**2 + 5*v + 8. Let b(w) = 9*w**2 - 3*w - 4. Let x(u) = -9*b(u) - 4*p(u). Give x(8).
-4
Let t(o) = 2*o + 6. Let u be 4/14 - (-108)/14. Suppose 4*p - u = -24. What is t(p)?
-2
Let a(j) = -j**3 + 5*j**2 + j - 3. Let k be (-214)/(-14) + 10/(-35). Suppose -k = -5*g + 2*g. Determine a(g).
2
Let o(x) = -x**2 + 3*x + 1. Let p be o(4). Let v(h) = -14 - 5 + h + 20 - 5*h - h**2. What is v(p)?
4
Let w(r) be the third derivative of 1/3*r**3 - 2*r**2 + 0*r + 0 + 1/8*r**4 - 1/60*r**5. Calculate w(-2).
-8
Let q(y) = y**3 + 6*y**2 + 2*y + 7. Let r = 11 + -17. Give q(r).
-5
Let p(v) = v**3 - v**2 - 3*v - 2. Let f = -3 - 3. Let s = f + 4. Give p(s).
-8
Suppose -f + 22 = f. Let w(v) = v**2 - 10*v - 13. Let m be w(f). Let p(q) = -q**2 - 2*q**3 + 5 + 6*q - 2*q - 2. Give p(m).
7
Let j(h) = 2*h + 2. Let k be j(1). Let p(u) = 3*u**3 - k*u**3 + u**2 + 2 + 13 + 2*u**3. Give p(0).
15
Suppose 5*b - 10 = -0*b. Let o(d) = d**3 - 2*d**2 + 3*d - 1. Let t(v) = 1. Let a(q) = -o(q) + t(q). Calculate a(b).
-4
Let n(o) = 9*o. Let s be n(1). Let j(u) = -u + 10. Let c be j(s). Suppose -c = -p - 0. Let y(i) = -9*i + 1. Give y(p).
-8
Let a(r) = -1 + 1 + 2*r + 0. Let s be a(1). Let k(c) = -c - 3 + 1 + s*c**2 + 4*c. What is k(-3)?
7
Let h(k) = -3*k + 1. Let z(g) = 7*g - 1. Let d(b) = -5*h(b) - 3*z(b). Let n be 1/(-3 + 28/8). Give d(n).
-14
Let g(k) be the first derivative of -k**2 + 1/30*k**5 - 1/3*k**3 + 0*k - 1 + 0*k**4 - 1/120*k**6. Let r(a) be the second derivative of g(a). Calculate r(2).
-2
Suppose -105 + 25 = -4*o. Suppose -19 = -2*d + 5*f + 14, 0 = 4*f + o. Let r(l) = -1 - d*l - l + 6*l - l**3 - 2*l**2. Determine r(-3).
5
Let x(a) be the second derivative of a**7/1260 - a**6/720 - a**5/60 - a**4/3 - a. Let p(h) be the third derivative of x(h). Calculate p(-2).
8
Suppose 2 + 2 = 4*m - 2*s, -2*s = 0. Let q be 3/m + (0 - 1). Let l(k) = -k**2 + 6*k - 3. Calculate l(q).
5
Let u(f) = 12*f**2 - f - 1. Suppose 40 = 4*s - 8. Suppose -x + o + 2 = 0, 4 = -x + 3*o + s. Determine u(x).
12
Suppose -4 = -3*i + 8. Let x(n) = n**3 - 5*n**2 + 3*n + 5. What is x(i)?
1
Let g(c) = -c. Let i be g(0). Suppose 0*r + 4*r + 3*k + 5 = i, 5*r + 3*k + 4 = 0. Let s(o) = -3*o**3 - o**2 + o - 1. Give s(r).
-4
Suppose 0 = 5*i - i - 20. Suppose 0 = t - 5*t - 12, -9 = 3*h + i*t. Let b(x) = -2*x**3 + 4*x**3 - x**3 - 1 - 2*x**2. What is b(h)?
-1
Let a = -2 - -1. Let k(x) = 1. Let y(z) = 6*z**3 + z**2 + z + 2. Let n(f) = -2*k(f) + y(f). Give n(a).
-6
Let s be 30/(-4) + 18/36. Let x(m) = -m - 3. Give x(s).
4
Let g(x) be the second derivative of -x**5/20 - x**4/2 - x**3/2 + 5*x. Give g(-5).
-10
Let q = -5 - -8. Suppose 0 = -2*s + 4. Let v(a) = -3*a - 4 + 3*a + s*a. Determine v(q).
2
Let b(v) be the second derivative of 2*v + 0 + 1/6*v**3 - 3/2*v**2. Determine b(2).
-1
Let i(h) = h**3 + 4*h**2 + 10*h + 6. Let w(s) = s**3 + 3*s**2 + 11*s + 7. Let x(q) = 4*i(q) - 3*w(q). Suppose -3*y + 13 - 31 = 0. Calculate x(y).
-3
Let s(i) = i**2 - 1. Suppose a = 4*n + 3 - 18, -5*a = -3*n + 24. What is s(n)?
8
Let x(c) = -5*c**2 + 4 - 7*c + 0*c**2 + c + c**3. Let i be 64/10 - 10/25. What is x(i)?
4
Let n(t) be the second derivative of t**3/3 - 3*t. Determine n(1).
2
Let g(b) be the first derivative of -2*b**2 + 3*b - 22. Give g(3).
-9
Let f(j) = 6*j - 21. Let q(r) = 5*r - 19. Let g(n) = 6*f(n) - 7*q(n). Determine g(-9).
-2
Suppose -4*z = -z + 12. Let i(t) be the third derivative of -t**6/120 - t**5/12 - t**4/6 + t**3/6 - 7*t**2. Give i(z).
1
Let w(z) = -z + z - z + 0. Let k(i) = 1. Let u(a) = 2*k(a) + w(a). Calculate u(-3).
5
Let w(u) = -u**2 + 6*u. Suppose -3 = -5*g + 7. Suppose 0 = -5*n - 3*c + 19, g*n - 6*n - c = -18. Give w(n).
5
Let f(c) = 148 - 2*c - 297 + 144. Give f(-5).
5
Let x be 10/(-4)*(-24)/30. Suppose f + 19 = x*t - 2*f, 26 = 4*t - 2*f. Let v(g) = 2*g**2 + 4*g + 0*g - 3 + g - 3*g**2. What is v(t)?
-3
Let j(h) = -h - 7. Let b(w) = -3*w - 3. Let v be b(2). Determine j(v).
2
Let q(p) = 3*p**3 + 2*p**2 - 4*p - 1. Let y(i) = 4*i**3 + i**2 - 4*i - 2. Let g(h) = -3*q(h) + 2*y(h). Give g(-5).
4
Let d = -1 + 4. Let h(w) = -d - 2*w + 3*w + 8 - 4. Determine h(3).
4
Let d(k) = k**3 - k + 5. Let h(b) be the third derivative of -5*b**4/24 - 4*b**2. Let u be h(-1). Suppose -4*t = -u*t. What is d(t)?
5
Let s(c) = c - 2*c**2 + c**2 - 5 + 5*c. Let f = -7 + 12. What is s(f)?
0
Let c(g) = g**2 + 4*g + 1. Suppose 3*a + 2 = -19. Let h = -10 - a. Give c(h).
-2
Let l = 1 + -2. Suppose 4*k = -5*j + 2, 3*k = -2*k + 2*j + 19. Let n(m) = -4*m - 3. Let i(o) = -5*o - 4. Let w(f) = k*n(f) - 2*i(f). What is w(l)?
1
Suppose -5*l - 1 = -3*s - 6, 5*s + 3*l - 37 = 0. Let n be 2 - (2 + -1 + 0). Let m(o) = o**2 - 2*o**2 + o + 4*o - n. Give m(s).
-1
Suppose 5 = j - 5*g, -13 = 2*j - j + 4*g. Let b(a) = -3*a - 6. Calculate b(j).
9
Let w(x) = 2*x**2 + 1. Suppose 2*q - 5*q + 6 = 0, q = l + 20. Let p be (2/3)/((-12)/l). What is w(p)?
3
Let v(p) be the third derivative of 0*p + 1/24*p**4 - 2*p**2 + 11/6*p**3 + 1/60*p**5 + 0 + 1/120*p**6. Determine v(0).
11
Let q(t) = t - 6. Let z(h) = h - 5. Let o be z(11). Give q(o).
0
Let n(i) be the first derivative of i**3/3 - 3*i**2/2 - 6*i - 16. Give n(5).
4
Suppose w = -5*k - 248, 206 = -4*k - w + 4*w. Let b be k/40 + (-1)/(-4). Let u(a) be the first derivative of -3*a**4/2 - a**3/3 - a**2/2 - a + 2. Give u(b).
5
Let c(r) = r**3 + 10*r**2 - 9. Suppose -2*x - 50 = 3*x. Give c(x).
-9
Let x(t) = -t - 2*t + 26 - 23 + 4*t**2. Give x(2).
13
Let d(r) = r**2 + 5*r. Suppose 3*n = 2*l - 22, 3*l + 2*l - 3*n = 46. Suppose 0 = -4*b + l - 24. Let x be (-5)/((-10)/b)*2. What is d(x)?
-4
Let b(r) = 4*r**2 - r + 1. Let u(i) = -3*i**2 + 2*i - 2. Let y(q) = -4*b(q) - 5*u(q). Let l(v) = -v - 1. Let f be l(5). Determine y(f).
6
Let q(g) = 2*g - 1. Let x(j) = -j**3 + 7*j**2 - 4*j - 3. Let k be x(6). Suppose 2*d + m - k = -0*m, 22 = 4*d - 2*m. Suppose 0 = -u + 6*u - d. Determine q(u).
1
Let s(q) = -q**2 + 4*q. Let g(d) = -d**3 + 4*d**2. Let l be g(2). Suppose 0 = -f - z + l, 5*f + 11 = 4*z + 33. What is s(f)?
-12
Let m(h) = -h**2 + 9*h + 2. Let x be m(9). Let w(c) = 2*c - 1. Let u(v) = -v + 1. Suppose -5*k + 5 = -20. Let i(q) = k*u(q) + x*w(q). What is i(-3)?
6
Let g(k) = -3*k**2 - 3*k + 26. Let a(w) be the third derivative of w**5/60 + w**4/24 - 3*w**3/2 + w**2. Let s(n) = -17*a(n) - 6*g(n). Determine s(-4).
9
Let h = -7 - -1. Let r(b) = b + 12. Let m(f) = -f - 13. Let z(k) = h*m(k) - 7*r(k). What is z(-5)?
-1
Let r be -3 + 1 + (1 - 2). Let u(h) = -3 + 2*h**2 - 4*h**2 - h**3 - 2*h - h**2. What is u(r)?
3
Let k(m) = 2*m + 43. Let r(o) = o - 1. Let y(i) = -k(i) - 2*r(i). Let l(p) = -p - 10. Let w(j) = -9*l(j) + 2*y(j). Calculate w(-6).
2
Let u(r) = -r**2 + 3*r - 3. Suppose 0 = -0*d - 2*d + 72. Let n be 9/21 + d/14. Determine u(n).
-3
Let b = 8 - 6. Let s(o) be the second derivative of 0*o**3 + 0 + 0*o**2 - 7/20*o**5 + 1/12*o**4 - b*o. Give s(1).
-6
Let y = 5 + -5. Let c(t) = -t + 8. Give c(y).
8
Let v(w) be the second derivative of -w**5/20 - w**4/12 + 6*w. Let q(c) = c**2 + 2*c + 1. Let n be q(-2). Calculate v(n).
-2
Suppose 5*p - 3*p - 4 = 0. Let q(u) = -7 + u**2 - u**3 - 2*u**2 + 0*u**p. Suppose h - 20 = 5*z, -5*h - 5*z = -4 + 24. Give q(h).
-7
Let n(